 the tens digit of x?
3
Let v(h) = h**2 - 2*h + 3. Let u be v(3). Suppose -12 = -u*w + 2*w. Suppose -w*k + 14 = 5*a - 14, -2*k - 18 = -4*a. What is the units digit of a?
5
Let k be (21/4 - 2)*-4. Let m(u) = 4*u - 1. Let w be m(7). Let b = w + k. What is the units digit of b?
4
Suppose 3*c + 38 + 46 = 0. Let w = c + 32. Suppose -3*o + 8 = 4*k - 6, w*o = 5*k - 2. What is the units digit of k?
2
Let z(m) = -2*m + 15. Let l be z(9). What is the tens digit of 6*45/6 - l?
4
What is the units digit of (-102)/459 - (1 - 2918/9)?
3
What is the units digit of 544*(-20)/(-64)*4?
0
Suppose -4*l = -21 + 1, 3*y = -5*l + 88. Let z be 3/y - (-40)/14. Let m = 49 + z. What is the units digit of m?
2
What is the units digit of (-84077)/(-84) + 3/36?
1
Suppose 4*w = 3*k + 14, 11 = -5*w + 5*k + 31. Let g(y) = 1. Let c(x) = 7*x**2 - x + 4. Let r(j) = c(j) - 6*g(j). What is the tens digit of r(w)?
2
Suppose -3*q = b - 21 - 39, 3*b + q - 148 = 0. Suppose 5*v - 3*w + 54 = -b, v + 2*w = -10. Let f = 15 - v. What is the tens digit of f?
3
Let q be 4*(-4)/((-64)/36). What is the tens digit of -1*10*(-10 + q)?
1
Let t = -9 + 9. Let s = -8 - -13. Suppose s*q = g + 149, t*g - 45 = -q + 4*g. What is the tens digit of q?
2
Let h = 17484 + -11621. What is the tens digit of h?
6
Let m(b) be the first derivative of 29*b**3/3 - 3*b**2/2 + 3*b - 15. What is the tens digit of m(2)?
1
Let x(m) = -m**3 - 9*m**2 - 12*m + 17. Let d be x(-7). Let y = 10 - d. What is the units digit of y?
7
Let y = -265 - -514. What is the hundreds digit of y?
2
Let z(x) = -x**3 - 12*x**2 - 13*x + 15. Let r be z(-10). Let s = r - -230. What is the tens digit of s?
7
Suppose -2*l + 50 + 98 = 0. Let d = l + -50. What is the tens digit of d?
2
Let o(m) = 3*m**3 - 68*m**2 + 24*m + 31. What is the thousands digit of o(23)?
1
Suppose 5*h + 31 = -34. Suppose 5*l - c - 85 = 0, 0 = -7*l + 4*l - 2*c + 38. Let x = l - h. What is the units digit of x?
9
Let q(f) = f**3 - 7*f**2 + 6*f - 16. Let u be q(7). Suppose -4*c = -r - c + u, 5*r = -2*c + 147. What is the tens digit of r?
2
Let n(j) = -2*j - 4. Let x be n(-3). Suppose -24 = -5*b - x*o, 0 = -b + 7*o - 2*o + 21. What is the units digit of b?
6
Let b = 1921 + -758. What is the units digit of b?
3
Let q be 5/(-2)*1*-2. Let k = q - 5. Suppose -i + 14 + 20 = k. What is the units digit of i?
4
Let t(d) = 3*d**2 - 3*d + 16. Let o be t(7). Let r = o - 118. What is the units digit of r?
4
Suppose -2*s + 3*p = -8, 5*s + 30 = -2*p - 3*p. Let u be s/(-7) + 510/(-21). What is the tens digit of (u/(-14))/((-10)/(-70))?
1
Let k(c) = 2 - c**2 + 2*c**2 + 8 + 5*c. Suppose -2*x + 2 - 18 = 0. What is the units digit of k(x)?
4
Let m be 1968/(-5) - (-2)/(-5). What is the units digit of (14 - 12)/((-4)/m)?
7
Let w = 3652 + -1491. What is the tens digit of w?
6
Let q = -423 - -554. What is the tens digit of q?
3
Let s = 1666 + -716. What is the tens digit of s?
5
Suppose 0 = -8*c + 6*c + 2*u + 100, -c + 5*u = -54. What is the units digit of c?
9
Let u = -14 - -18. Let v be 0/(-6 + u + -1). Suppose 0 = -v*w - 2*w + d + 14, w = -4*d - 2. What is the units digit of w?
6
Let s(y) = 2*y**2 + 3*y + 4. Suppose -2*h = -h - 4. Let g = h - 7. What is the units digit of s(g)?
3
Let w(o) = 5*o**3 - 11*o**2 + 33*o - 10. Let m(y) = -3*y**3 + 5*y**2 - 16*y + 5. Let g(x) = 7*m(x) + 4*w(x). What is the units digit of g(-11)?
7
Suppose 10*r - 10353 = -2673. What is the hundreds digit of r?
7
Let v be ((-2)/(-3))/(1/3). Suppose -a - 67 = -v*a. What is the units digit of a?
7
Let p(r) = -9*r - 8. Let z be ((-4)/10)/(3/90). Let w be (z/10)/(4/20). What is the tens digit of p(w)?
4
Let h(z) = -5*z**3 + 6*z**2 - 3*z + 2. What is the tens digit of h(-4)?
3
Suppose n = 3*w - 918, -5*w = 18*n - 17*n - 1530. What is the units digit of w?
6
Suppose -g - 2*z + 8 = 0, 4*z + 16 = 5*g + 4. Suppose -93 = 2*o + o + 3*h, -2*h = -g*o - 148. Let p = o - -64. What is the units digit of p?
9
Let n = 30 + 370. What is the hundreds digit of n?
4
Let r be 793/39 - (-2)/(-6). Suppose -4*k - 3*x = -0 + r, 2*k = 3*x + 8. What is the tens digit of 0 + 56 + 0 + k?
5
Let u = 1167 + -615. What is the tens digit of u?
5
Let q = 1547 + -1372. What is the tens digit of q?
7
Let o(u) = u**2 + 40*u - 10. What is the hundreds digit of o(13)?
6
What is the hundreds digit of ((-6816)/(-14))/(-4)*(-42)/4?
2
Let c = -2571 + 4800. What is the units digit of c?
9
Suppose 3*r = -3*l - 3, 4*l + 13 = -3*r - l. Let j be 9/(-36) + 337/r. Suppose -3*o - n = -5*o + j, o = -n + 39. What is the tens digit of o?
4
Suppose 3*m - 5*m = 0. Suppose m*y + y = 3. Suppose 3*g - 2*g - 5 = -y*d, 73 = 5*g - d. What is the units digit of g?
4
Let q be ((-9)/6)/(-3)*-44. Let w = 2 - q. Suppose w = 3*f - 12. What is the tens digit of f?
1
Suppose l + 9*l - 410 = 0. Suppose -w + b + l = -b, w - 32 = -b. What is the tens digit of w?
3
Let q = 15 + -20. Let i(p) = -2*p - 10. Let z be i(q). Suppose v + v - 58 = z. What is the tens digit of v?
2
Suppose -1 = 4*j - 17. What is the tens digit of 20/6*(-1 - (-94)/j)?
7
Suppose 3*k - 17 = -h, -13 = -5*k - 3*h + 22. Suppose 0 = -0*r - k*r. Suppose r = -x - x + 6. What is the units digit of x?
3
Let o(q) = 6*q - 15. Let k be o(-9). Let d = 119 + k. What is the tens digit of d?
5
Suppose 9*h - 7*h - 340 = 0. Let d be (h/30)/((-1)/(-6)). Let m = d - 28. What is the units digit of m?
6
Let m be 2/(-12) + (-440)/(-48). Let i(t) = -4*t - 4*t + 13*t + m*t. What is the units digit of i(4)?
6
Let h(d) = d**2 - 3*d - 6. Let v be h(-6). Suppose 6*q = 2*q + v. What is the units digit of q/15 - (-213)/15?
5
Let m = -5 + 7. Suppose f + 42 = 4*f - 3*s, -4*f - 4*s + 56 = 0. What is the units digit of (63/f)/(m/8)?
8
Suppose -7*w = -4756 - 1838. What is the hundreds digit of w?
9
Let l be (-42)/7*4/6. Let h be (l/10)/((-1)/(-5)). What is the units digit of (2/h)/((-8)/208)?
6
Let f(x) = x**2 + 10*x - 12. Suppose 10*s - 13*s = 48. What is the units digit of f(s)?
4
Suppose 11*y - 10*y + 5*d - 770 = 0, -2*d = 0. What is the units digit of y?
0
Let d(w) = w**3 - 16*w**2 - 4*w + 1. What is the tens digit of d(25)?
2
Let s(j) = -180*j**3 + j**2 - j - 2. What is the tens digit of s(-1)?
8
What is the tens digit of (13 - 13 - -3518)*(-2)/(-4)?
5
Suppose 0 = 2*f - 3*j - 49, 5*j - 41 + 0 = -2*f. Let z = f + -8. What is the units digit of z?
5
Let n = 1297 + -1287. What is the tens digit of n?
1
Let l = 692 + 825. What is the thousands digit of l?
1
Let w = 421 - -2169. What is the units digit of w?
0
Let k(h) = -21*h + 3. Let x be 3 - 8 - 8/(1 - -1). What is the tens digit of k(x)?
9
Suppose d - 3*d - 8 = 0. Let a(q) be the first derivative of -q**2/2 + q + 29. What is the units digit of a(d)?
5
Let w(o) = -o**3 - 9*o**2 - 4*o - 8. Let m be w(-11). Suppose m = 8*n - 6*n. What is the tens digit of n?
3
Suppose -124*f + 5*d = -129*f + 3015, 5*d + 25 = 0. What is the tens digit of f?
0
Suppose -5*n - 4*r + 876 = 0, -3*n = -n + 2*r - 352. What is the hundreds digit of n?
1
Suppose -3*a + 580 = 4*b - 2*a, 4*b + 3*a - 572 = 0. What is the hundreds digit of b?
1
Let i = 33 - -423. What is the tens digit of i?
5
Suppose 124 = 5*r - 3*s, -3*s - 8 - 12 = -r. Let q = r + -21. What is the units digit of q?
5
Let o(n) = 640*n**2 - 21*n - 21. What is the tens digit of o(-1)?
4
Let h(m) = 3*m**2 + 37*m + 32. What is the units digit of h(-16)?
8
Let j(c) = c**2 - 6*c + 1. Let d be j(11). Suppose k - 22 = -b + 34, -k + 3*b = -d. What is the units digit of k?
6
Let c(i) = 33*i**3 + 5*i - 7. Let q(p) = 16*p**3 + 2*p - 3. Let t(m) = -4*m**2. Let w be t(-1). Let d(x) = w*c(x) + 9*q(x). What is the tens digit of d(1)?
1
Suppose -z = -2*l + 1980, 5*l - 4189 - 731 = -5*z. What is the tens digit of l?
8
Let i be -1 + 7/((-21)/(-36)). Suppose -i*b = -b - 740. What is the units digit of b?
4
Suppose -52*z - 4*p - 2573 = -53*z, -p = 5*z - 12886. What is the hundreds digit of z?
5
Let a = 6625 + -3975. What is the tens digit of a?
5
Suppose 4*w - 5*r = 25, 2*r - 1 = 3*r. Let m = -7 - -21. Suppose w*y - 1 = m. What is the units digit of y?
3
Let i(b) = 10*b**2. Let h be i(1). Suppose 13 = p + h. What is the tens digit of (-6)/(9/p)*-17?
3
Let z = 1066 + -470. Suppose z = y + 3. What is the tens digit of 4/34 + y/17?
3
Suppose 3*z + 61 = -95. Let w be (0 - 0) + -2*15. Let a = w